 2. Let m(l) = l. Let b(x) = a(x) + 2*m(x). Suppose 3*h = -5*f + 3*f - 11, 0 = h - 4*f - 1. Calculate b(h).
-1
Let n(j) = -j**3 + 4*j**2 - 3*j + 3. Suppose 0 = -2*a - 2 - 6, 2*c - 32 = 3*a. Let y be (c/35)/((-2)/(-28)). Calculate n(y).
-9
Let x(b) = 3*b**2 - 4*b + 14. Let p(m) = 4*m**2 - 3*m + 15. Let o(t) = -4*p(t) + 5*x(t). Determine o(-11).
-23
Let h(g) = -6 - 48*g + 78*g - 32*g. Give h(-6).
6
Let l(g) = -3*g - 2. Suppose 3*c = -3*t + 9, -2*c = -2 - 2. Suppose 2*q + 2*h + 10 + 4 = 0, q - 5*h + t = 0. Give l(q).
16
Suppose -14 = 11*t - 25. Let b(r) = 44*r - 1. Determine b(t).
43
Let z(l) = -l**2 - 10*l + 12. Suppose 165*s - 33 = 168*s. Determine z(s).
1
Let g(w) be the first derivative of -w**3/3 - 7*w**2/2 + 5*w - 4. Let o(u) be the first derivative of g(u). Give o(-5).
3
Let a(r) = r + 14. Let j(f) = -f - 13. Let y(i) = -6*a(i) - 7*j(i). Suppose 123*p = -514 - 470. What is y(p)?
-1
Let o = -4 - -5. Let h(w) = -w - w + 2 - o + w. Suppose 2*p = 6*p + 3*u - 24, -4*p + 24 = u. Give h(p).
-5
Let z(q) = 12*q**2 + 2*q + 0 + 4 - 13*q**2 - q. Suppose -y + 0 + 5 = 0. Suppose 4*w + y*r - 21 = 0, 3*w + 2*r + 3*r - 17 = 0. Determine z(w).
-8
Let s(g) = g**2 + g - 3. Suppose -58*m + 60*m = 0. Let p = -2 - 1. Let i = p + m. Calculate s(i).
3
Let h(s) be the first derivative of -s**4/4 - 2*s**3 - 2*s**2 + 7*s - 1. Let b be 3/(66/4) + (-6042)/1166. Determine h(b).
2
Let l(s) = -14*s**2 - 35*s - 19. Let m(a) = 5*a**2 + 12*a + 6. Suppose 5*b + 21 = 1. Let d(g) = b*l(g) - 11*m(g). Give d(-7).
3
Let k(c) = 4*c + 4*c**2 - 5*c**2 + 2*c. Let j(z) = 8*z + 22. Let b(d) = d + 1. Let m(a) = 12*b(a) - j(a). Let s be m(4). What is k(s)?
0
Suppose 18*q - 137 = -29. Let y(w) = -w**3 + 6*w**2 - 5*w + 9. Calculate y(q).
-21
Let s(h) = -2 - 4*h**3 + 3 - 7*h**3 + h. Let p be (3 + -7 + 3)*(3 - 2). What is s(p)?
11
Let y(w) be the second derivative of -w**3/6 + 4*w**2 + w - 82. Calculate y(9).
-1
Let i(j) = j**2 - 5*j - 3. Let r(d) be the third derivative of -d**6/120 - d**5/20 + d**4/6 + d**3 + 11*d**2. Let o be r(-4). Determine i(o).
3
Let s(l) = 10*l**2 + 0*l**3 - 6*l**2 + 5*l + 0*l + 0*l**2 + 5 + 2*l**3. Give s(-2).
-5
Let a(k) = -7*k + 1. Let j(y) = -2*y + 7. Let w(c) = c + 14. Let m be w(-10). Let f be j(m). Determine a(f).
8
Let j = -296 - -298. Let s(n) = -n**2 + 6*n - 4. What is s(j)?
4
Let t(o) = o**2 + 10*o + 12. Let l = 138 + -90. Suppose 0 = q + 5*q + l. Determine t(q).
-4
Let i(g) = -g**3 + 10*g**2 + 9*g + 14. Suppose 2*u = 10*z - 6*z - 52, -2*z + 2*u = -30. Determine i(z).
-8
Let j(o) = o + 1. Let v(m) = -m**2 + 7*m + 12. Let k be v(9). Determine j(k).
-5
Let v be (-6)/(-1*4/4). Suppose -v*w = -5*w - 4*b - 15, -2*b + 5 = -3*w. Let y(x) = -x**3 - 5*x**2 + 4*x + 7. Determine y(w).
-13
Suppose 5*h + 4*h = 9. Let n(f) be the second derivative of -f**5/60 + f**4/12 - f**3/6 + f**2/2 + f. Let z(y) be the first derivative of n(y). Give z(h).
0
Let v(i) = i**3 + 7*i**2 + 7*i + 6. Suppose 2*s + 27 = -3*d, 15 = 4*s - 9*s + 3*d. Give v(s).
0
Let i(h) = h**2 - 4*h - 3. Let g(q) be the second derivative of -q**3/6 - q**2/2 - 9*q. Let t(o) = -3*g(o) - i(o). Determine t(6).
12
Let d(h) = 7*h - 1. Let l(o) = -1 - 4*o + 1. Let k = 28 - 31. Let t(p) = k*d(p) - 5*l(p). Give t(-8).
11
Let z(o) = o - 9. Let w(s) = -s - 12. Let i(a) = -w(a) + z(a). Let h(u) = u + 4. Let n be h(-6). Calculate i(n).
-1
Let a(y) = -11*y**2 - 12*y. Let o(c) = 31*c**2 + 35*c - 1. Let z(b) = -17*a(b) - 6*o(b). Suppose 0 = -3*x + 4*s - 8*s + 6, x + 6 = -4*s. Give z(x).
6
Let t(l) = 3*l + 2. Let w(r) = r**2 + 5*r - 54. Let d be w(-10). What is t(d)?
-10
Let t(f) = -5*f - 2. Let d(u) = 14*u**2 - 1. Let k be d(-1). Let h be (-13)/(-2)*4/1. Let g be (-5)/(-2) - k/h. Determine t(g).
-12
Let y(q) = 5*q**2 - q - 7. Let x(n) = 6*n**2 + n - 7. Let g(w) = 6*x(w) - 7*y(w). Give g(-12).
-5
Suppose 3*o - 2*g - 6 = 0, -3*o + o = -3*g + 1. Suppose -6*c = -o*c + 20. Let f = 12 + c. Let s(z) = -z + 2. Calculate s(f).
0
Suppose 6*i - 4*i = 10. Let c(j) be the second derivative of -2/3*j**3 - j - 1/20*j**5 + 1/2*j**2 + 1/2*j**4 + 0. Determine c(i).
6
Let q = -6 - -8. Let h = -4 - q. Let w(j) = -25*j**3 - 5*j**2 + 3 - 27*j**3 + 51*j**3 + 5*j. Give w(h).
9
Let p(l) = -l + 9. Let w be (-8)/(-68) - (-1 - (-453)/(-51)). What is p(w)?
-1
Let k(d) = d**3 - 7*d**2 - 3*d + 14. Let w = -1012 - -1019. What is k(w)?
-7
Let l(x) = -x**2 + 7*x - 2. Let o = 151 + -145. Give l(o).
4
Let r be (8/(-6))/(2/42). Let s be 6/(-4) - r/8. Let c(a) = 9*a**2 - 6*a**2 - 1 + 8*a**s. Calculate c(-1).
10
Suppose 5*c + 140 = -2*f, 3*f = -4*c + c - 201. Let v be 2/5 - 299/f. Let q(n) = -n**2 + 7*n + 5. Determine q(v).
15
Suppose 0 = d - j - 2*j + 3, -d + 4*j - 5 = 0. Suppose -2*o + 6 = -0. Let z(i) = o*i**2 + 3 - i**3 + 6*i - 6*i - i. What is z(d)?
0
Let r(f) = 3*f**2 - 2*f - 2. Suppose -2*b - 26 = -2*n, 3*b + 68 = 4*n + 27. Let j = 8 + b. Let s = -1 - j. Determine r(s).
6
Let d = -2 + 5. Suppose -a + 2 + 3 = 5*s, -5*a = -3*s + d. Suppose a = 3*f + 2*f + 10. Let m(z) = 5*z + 1. Calculate m(f).
-9
Let w(b) be the first derivative of -b**3/3 - 5*b**2/2 + 7*b - 190. Calculate w(-6).
1
Let u(y) be the second derivative of -1/120*y**5 - 1/24*y**4 + 0*y**2 + 1/72*y**6 + 0 - 7*y - 1/6*y**3. Let k(t) be the second derivative of u(t). Give k(-1).
5
Let h(c) be the first derivative of c**5/60 + 3*c**4/8 + c**3 - 6*c**2 - 9. Let y(q) be the second derivative of h(q). Determine y(-6).
-12
Let i(a) = -a**2 - 2*a + 6. Let z(y) = -y**2 + 2. Let h be z(2). Let d be (1 - h)/3 + 14. Suppose 0 = 5*n + 10 + d. What is i(n)?
-9
Let n(l) = l**3 + 7*l**2 + 3*l - 6. Suppose -g + i = -72, g + i = 3*i + 70. Suppose 62 - g = 2*y. What is n(y)?
12
Let d(x) = x**2 + 14*x - 13. Suppose -y = -4*p + 24, 3*p - 8*p - 70 = 5*y. What is d(y)?
19
Suppose l - 2*j = 59, -j + 3 = 1. Let g(z) = -134 - z**3 + l + 6*z**2 + 73 - 2*z - 2*z**2. What is g(3)?
5
Let g(b) = b**2 - 8*b + 8. Suppose 2*v + 0*s - 23 = -3*s, -29 = -2*v - 5*s. Give g(v).
1
Let u(j) be the first derivative of -j**7/840 - j**6/120 + j**5/120 + j**4/12 + 4*j**3 + 6. Let w(o) be the third derivative of u(o). What is w(-2)?
-4
Let j(f) = 5*f - 3*f**2 - f**3 + 7 + 2*f**2 + 11*f**2 - 15*f. Determine j(9).
-2
Suppose -2*l = -3 + 23. Let d(p) = 4*p + 5. What is d(l)?
-35
Suppose -44*g + 6 = -42*g. Let v(i) = -4*i + 5. Let o(f) = -f + 1. Let c(w) = g*o(w) - v(w). Calculate c(5).
3
Let n(o) = 164 - 6*o + 2*o**2 - 164. Determine n(5).
20
Let t(w) = 89 + w + 2 - 42 + 2*w. What is t(-15)?
4
Let j(l) be the first derivative of l + 1/6*l**3 - 4 - 3/2*l**2. Let o(g) be the first derivative of j(g). Give o(7).
4
Let a = 42 + -45. Let b = 5 + -3. Let o(x) = -3 - x**2 + x**2 - x + 7 - x**b. Give o(a).
-2
Let r = 12 + -9. Suppose 3*p + 15 = 0, 4*m - r*p = -p + 54. Let l be (3 - (m - 2)) + 2. Let s(g) = g**3 + 3*g**2 + 3. Determine s(l).
-13
Suppose -5 = -2*r - 3*a, 3*r + 0*a + a = 11. Let z(d) = 3*d**2 + 3*d**2 + d + r*d**2. Suppose -15*c + 4 = -19*c. What is z(c)?
9
Let c(h) = 4*h + 5. Suppose -14*v - 9 = -51. Let b be ((81/v)/(-3))/((-15)/(-10)). Give c(b).
-19
Let s(r) = 17 - 22854*r + 18 + 22858*r. Calculate s(-10).
-5
Let k be (-5)/(-1) + (16 - 18 - -1). Let w(z) be the second derivative of -1/6*z**3 + 0 + z**2 - 1/6*z**k - 11*z. Calculate w(-3).
-13
Let z(g) = -2 + g + 3*g + g + 7 - 3*g. Let u(p) = 5*p**2 - 1. Let m be u(1). What is z(m)?
13
Let t(k) = 4*k**2 + 17*k + 17. Let n be t(-1). Let d(u) = 4*u**2 - 5*u + 6. Give d(n).
50
Let y(l) = -1 - 8 + 3 - 2*l**2 + 5 - 6*l. Suppose 3*z = 7 - 19. Determine y(z).
-9
Let k(o) = -7*o - 16. Let a(l) = 9*l + 17. Let v(h) = 4*a(h) + 5*k(h). Give v(11).
-1
Let r(f) be the third derivative of f**4/24 - f**3/3 - 55*f**2. Calculate r(4).
2
Let s(w) = -w**3 + 29*w**2 - 55*w + 32. Let t be s(27). Let n(o) = o**2 - o - 2. Give n(t).
18
Let b(a) = -a + 6. Suppose -3*z + 0*z - x + 19 = 0, z + 2*x - 13 = 0. Let g(o) = o - 5. Let p be g(z). What is b(p)?
6
Let u = -197 + 191. Let a(v) = -v**3 - 6*v**2 - 3*v - 2. Calculate a(u).
16
Let z = -8 + 17. Let w(q) = 4*q - 4*q + 7*q + 2*q + q**2 + z. Calculate w(-8).
1
Let d be 14/(-35)*(50/(-12))/5. Let p(s) be the first derivative of -4 - 3/2*s**2 - s + d*s**3 + 1/4*s**4. Calculate p(-2).
1
Let b(h) = -2*h**2 + 40*h + 45. Let p(t) = -9*t + 444. Let o be p(47). What